by 3119?
23
What is the remainder when 831 is divided by 261?
48
What is the remainder when 1469 is divided by 207?
20
Calculate the remainder when 259894 is divided by 34.
32
Calculate the remainder when 394023 is divided by 1980.
3
Calculate the remainder when 1120 is divided by 198.
130
What is the remainder when 3333 is divided by 197?
181
Calculate the remainder when 2745 is divided by 98.
1
What is the remainder when 419192 is divided by 419179?
13
What is the remainder when 32266 is divided by 3583?
19
What is the remainder when 43846 is divided by 378?
376
What is the remainder when 1223 is divided by 97?
59
Calculate the remainder when 53225 is divided by 10644.
5
What is the remainder when 37130 is divided by 417?
17
What is the remainder when 15973 is divided by 940?
933
Calculate the remainder when 224491 is divided by 28057.
35
What is the remainder when 294332 is divided by 16?
12
What is the remainder when 11613 is divided by 54?
3
What is the remainder when 514029 is divided by 85671?
3
What is the remainder when 56604 is divided by 16?
12
Calculate the remainder when 4541 is divided by 37.
27
What is the remainder when 14259 is divided by 10?
9
Calculate the remainder when 4939 is divided by 214.
17
Calculate the remainder when 438731 is divided by 18.
17
What is the remainder when 46720 is divided by 15573?
1
Calculate the remainder when 2530 is divided by 129.
79
Calculate the remainder when 1429 is divided by 518.
393
What is the remainder when 999936 is divided by 103?
12
What is the remainder when 556955 is divided by 27?
26
What is the remainder when 53437 is divided by 1530?
1417
What is the remainder when 57936 is divided by 610?
596
Calculate the remainder when 21931 is divided by 36.
7
Calculate the remainder when 16149 is divided by 1857.
1293
Calculate the remainder when 9384 is divided by 3119.
27
What is the remainder when 26835 is divided by 61?
56
What is the remainder when 75102 is divided by 37547?
8
Calculate the remainder when 9352 is divided by 4200.
952
What is the remainder when 19913 is divided by 9952?
9
Calculate the remainder when 811815 is divided by 34.
31
Calculate the remainder when 367 is divided by 239.
128
Calculate the remainder when 32484 is divided by 285.
279
Calculate the remainder when 3223 is divided by 7.
3
What is the remainder when 190018 is divided by 691?
684
Calculate the remainder when 1757 is divided by 604.
549
Calculate the remainder when 16398 is divided by 240.
78
Calculate the remainder when 235740 is divided by 31.
16
Calculate the remainder when 28649 is divided by 394.
281
What is the remainder when 1199 is divided by 25?
24
Calculate the remainder when 20147 is divided by 146.
145
What is the remainder when 33505 is divided by 817?
8
What is the remainder when 18883 is divided by 24?
19
What is the remainder when 18022 is divided by 401?
378
Calculate the remainder when 18186 is divided by 628.
602
Calculate the remainder when 20699 is divided by 10298.
103
Calculate the remainder when 188164 is divided by 94071.
22
Calculate the remainder when 2413 is divided by 1538.
875
Calculate the remainder when 7140 is divided by 618.
342
Calculate the remainder when 17973270 is divided by 93.
90
Calculate the remainder when 44661 is divided by 25.
11
What is the remainder when 348048 is divided by 173999?
50
What is the remainder when 25837 is divided by 87?
85
Calculate the remainder when 105699 is divided by 81.
75
Calculate the remainder when 291957 is divided by 34.
33
Calculate the remainder when 38703 is divided by 70.
63
What is the remainder when 18552 is divided by 52?
40
Calculate the remainder when 1889 is divided by 1.
0
Calculate the remainder when 4246 is divided by 121.
11
What is the remainder when 17341 is divided by 9?
7
What is the remainder when 18850 is divided by 299?
13
What is the remainder when 3485 is divided by 33?
20
Calculate the remainder when 1826 is divided by 115.
101
Calculate the remainder when 261307 is divided by 35.
32
Calculate the remainder when 21339 is divided by 21270.
69
Calculate the remainder when 5810 is divided by 80.
50
Calculate the remainder when 4508 is divided by 11.
9
What is the remainder when 2341387 is divided by 32?
11
Calculate the remainder when 83987 is divided by 1105.
7
Calculate the remainder when 4575 is divided by 1138.
23
Calculate the remainder when 133542 is divided by 3179.
24
What is the remainder when 516587 is divided by 2460?
2447
What is the remainder when 762813 is divided by 24?
21
Calculate the remainder when 26915 is divided by 6725.
15
Calculate the remainder when 33743 is divided by 12.
11
What is the remainder when 46226 is divided by 138?
134
What is the remainder when 3556 is divided by 155?
146
Calculate the remainder when 4116 is divided by 70.
56
Calculate the remainder when 20315 is divided by 2538.
11
Calculate the remainder when 48923 is divided by 326.
23
Calculate the remainder when 2495 is divided by 207.
11
Calculate the remainder when 26614 is divided by 13269.
76
Calculate the remainder when 7055 is divided by 70.
55
Calculate the remainder when 32405 is divided by 463.
458
Calculate the remainder when 29172 is divided by 2429.
24
What is the remainder when 52201 is divided by 21?
16
Calculate the remainder when 88818 is divided by 429.
15
What is the remainder when 34195 is divided by 90?
85
What is the remainder when 1223 is divided by 15?
8
Calculate the remainder when 7616 is divided by 129.
5
What is the remainder when 7711 is divided by 2532?
115
Calculate the remainder when 2925 is divided by 30.
15
Calculate the remainder when 406742 is divided by 406733.
9
What is the remainder when 10117 is divided by 221?
172
What is the remainder when 1761 is divided by 780?
201
Calculate the remainder when 4391 is divided by 548.
7
What is the remainder when 22132 is divided by 149?
80
What is the remainder when 19564 is divided by 163?
4
What is the remainder when 29153 is divided by 217?
75
What is the remainder when 30722 is divided by 33?
32
What is the remainder when 376542 is divided by 112?
110
What is the remainder when 3158 is divided by 642?
590
What is the remainder when 2151 is divided by 114?
99
What is the remainder when 1634 is divided by 314?
64
What is the remainder when 3934 is divided by 595?
364
Calculate the remainder when 37844 is divided by 338.
326
What is the remainder when 2191 is divided by 877?
437
What is the remainder when 11033 is divided by 5320?
393
What is the remainder when 20154 is divided by 458?
2
Calculate the remainder when 2731 is divided by 557.
503
What is the remainder when 176295 is divided by 197?
177
What is the remainder when 138459 is divided by 20?
19
Calculate the remainder when 1350 is divided by 71.
1
What is the remainder when 42770 is divided by 1474?
24
Calculate the remainder when 31035 is divided by 10328.
51
What is the remainder when 12223 is divided by 64?
63
What is the remainder when 81899 is divided by 390?
389
Calculate the remainder when 1599838 is divided by 40.
38
Calculate the remainder when 954 is divided by 339.
276
Calculate the remainder when 1118 is divided by 78.
26
What is the remainder when 28598 is divided by 9530?
8
What is the remainder when 765 is divided by 60?
45
What is the remainder when 3159 is divided by 282?
57
What is the remainder when 23767 is divided by 25?
17
Calculate the remainder when 35250 is divided by 206.
24
What is the remainder when 131586 is divided by 78?
0
What is the remainder when 280205 is divided by 479?
469
Calculate the remainder when 7478 is divided by 95.
68
What is the remainder when 2673542 is divided by 19?
14
What is the remainder when 1836 is divided by 375?
336
Calculate the remainder when 43388 is divided by 14452.
32
Calculate the remainder when 4165481 is divided by 2383.
2380
Calculate the remainder when 4536451 is divided by 489.
487
What is the remainder when 40749 is divided by 25?
24
Calculate the remainder when 1680 is divided by 48.
0
Calculate the remainder when 517856 is divided by 30.
26
Calculate the remainder when 66024 is divided by 16490.
64
Calculate the remainder when 739367 is divided by 1141.
1140
Calculate the remainder when 1151 is divided by 1